umber?
False
Let j be (-56)/(-16)*(-12)/(-21). Suppose -4*z = -j*m + 7130, -5*m + 3*z = z - 17793. Is m prime?
True
Let n = 5 + -2. Let w be 6 + -7 + 3 + n. Suppose 4*c - 2*r - 84 - 190 = 0, c = w*r + 46. Is c a composite number?
False
Suppose 2*g + 544 = h - 3*h, 2*h = 3*g - 564. Let n(f) = -261*f. Let d be n(-1). Let u = d - h. Is u a composite number?
True
Suppose 5*l = 2*x + 47, 2*l = 3*x - x + 20. Suppose 3*w + l = 0, 5*w + 30 = 5*g + 5. Suppose 12 = -4*c, -g*v + 3*c = -6*v + 2963. Is v a prime number?
True
Let g be 2/4 + (-6804)/(-8). Let s = -203 + g. Suppose y = 3*w - s, -3*y + 359 = -4*w + 1218. Is w a composite number?
True
Suppose -5*i - 117062 = -3*f, -1142*i = f - 1143*i - 39020. Is f composite?
False
Suppose 7*i - 109 + 67 = 0. Let m(h) = -h**3 + 3*h**2 + 6*h - 2. Let u be m(4). Is ((-15628)/i)/(u/(-9)) composite?
False
Let y(t) = 17*t**3 - 10*t**2 - 27*t + 29. Is y(9) composite?
False
Let t = -1533 + 438. Let i = t - -3862. Is i composite?
False
Let j(q) = 2632*q**3 + 6 + q + 11*q**2 + 7 - 2631*q**3. Is j(-6) a prime number?
False
Suppose 0 = -92*o + 30082640 + 148148355 - 40894039. Is o prime?
True
Suppose 531976 = z + 2*z - 2*r, -4*z = -5*r - 709299. Is z a prime number?
False
Let q(i) = 288*i**2 + 35*i - 32. Is q(11) a prime number?
True
Let x(t) = -21*t**3 + 9*t**2 + 21*t + 98. Is x(-9) prime?
False
Let d = -7272 + 16509. Is d a composite number?
True
Suppose m + 3678005 = 4*o, 25*o + 4*m = 18*o + 6436457. Is o composite?
True
Suppose -44 = -26*l + 34. Suppose 10*w - l*w = 6433. Is w composite?
False
Suppose 31 = 4*o - 60765. Suppose 4860 = 7*v + o. Is (v/2)/((-3 + 0)/6) a prime number?
False
Let f(n) = 38*n - 119 - 114 - 123 + 339. Suppose 4*a - 32 = 4*q - 0, a = -3*q. Is f(a) composite?
False
Let i = 13335 + -10858. Is i composite?
False
Let q = -89439 + 143686. Is q a composite number?
True
Let r be 0/(-1) - 2 - 617. Suppose -38*v = -26*v + 2736. Let o = v - r. Is o a composite number?
True
Let a(d) = -d**3 + 5*d**2 - 6*d + 11. Let h be a(3). Suppose h*o + 9*o = 58580. Is o prime?
False
Let a(o) = 289*o + 121439. Is a(0) a composite number?
False
Suppose 6*o = -4*x + 2*o + 8, 5*x = 4*o - 26. Let a be x - (-2)/(-2)*-10. Suppose -a*d + 2*d + 4062 = 0. Is d a prime number?
True
Suppose -4*y = 4*n - 2168448, 3*n = -4*y + 5*y + 1626332. Is n prime?
True
Suppose 4*m - 72709 = g, 42455 = 4*m + 2*g - 30239. Let o = -10555 + m. Is o a composite number?
False
Suppose 0 = 8*k - 9 + 25. Let s be -8 + (-54)/(-7) + k/(-7). Suppose -5*u = h - 186, 0 = -2*h - s*u + u + 427. Is h a prime number?
True
Let t(w) = 1434*w + 281. Is t(18) a prime number?
False
Let h(f) = -760*f**3 - 4*f**2 + 47*f + 267. Is h(-6) prime?
False
Suppose k + 108 = 4*l, 5*k + 150 = 9*l - 4*l. Suppose 21*i = l*i - 7565. Is i a prime number?
False
Let f = 34414 + 10123. Is f a composite number?
False
Let b(n) = 9*n**3 + 32*n**2 - 21*n - 69. Let x(j) = 4*j**3 + 16*j**2 - 10*j - 34. Let z(k) = 3*b(k) - 7*x(k). Suppose 7*a + 85 = 2*a. Is z(a) prime?
False
Let s(c) = 79*c**3 + 9*c**2 - 93*c + 292. Is s(7) a prime number?
True
Suppose 0 = 4*z - 5*r - 1156954, -160*r = -z - 162*r + 289245. Is z prime?
True
Let p be 5/(-4 + 290/60). Suppose p*x = -894 + 4290. Is x a prime number?
False
Let s(t) = 712*t + 2293. Is s(22) composite?
False
Suppose -39*z - 33981 + 364080 = -226860. Is z a prime number?
True
Suppose 0 = 4*p - 5*i - 386286, -4*p + 386272 = 8*i - 6*i. Is p composite?
True
Is 709673/5 - ((-1144)/130)/22 composite?
True
Suppose -3*b - 13645 = -u, b + u + 4531 = -3*u. Let i = 2774 - b. Is i a composite number?
False
Let w(a) = a**2 - 7*a. Let u = -28 + 37. Let t be w(u). Is ((-6)/t)/(4/(-3516)) a prime number?
True
Suppose -2*x - 4 = 2*c - 4*c, 5*c = 3*x + 8. Let f be -1 - x/(-2)*-302. Suppose 519 = 3*a - f. Is a prime?
True
Suppose 2*w - 380135 = -3*a, -253415 = 45*a - 47*a - 3*w. Is a composite?
True
Let v(d) = 4825*d - 1768. Is v(15) a composite number?
False
Suppose -5*p + 40 = 2*f, 3 = 5*p + 5*f - 37. Suppose 0 = -2*g - p, 17*m - 15*m + 4*g = 54870. Is m composite?
True
Let n(k) = 12*k**2 - 117*k + 634. Is n(-53) a prime number?
True
Suppose 88*q = 85*q + 3*w + 2755527, -3*q + 2755543 = -5*w. Is q a prime number?
False
Let o = 805 + -493. Is 1181778/o - (6/8 - 0) composite?
True
Let q = 17130 - 11355. Suppose -q = -k + 2284. Is k prime?
True
Let d be (-9)/(-6)*(-12)/(-18). Let p = 19 + -16. Suppose 0 = 2*r + f - 3501, 0 = -p*f + d - 4. Is r composite?
True
Let h(f) = 2*f**2 - 11*f + 497. Is h(42) a composite number?
True
Suppose -17*p + 74 + 11 = 0. Let q(f) = 673*f - 22. Is q(p) prime?
True
Let y(a) = a + 19. Let t be y(-16). Suppose -t*s = -1 - 5. Is 3 + (-3 - s) + 1253 + -2 a prime number?
True
Let p(r) = 21*r**2 + 2 + 1 + 14*r**2 - r + 20*r**2. Is p(-1) composite?
False
Is (97771 - (-41 - -37)) + (-12)/1 prime?
False
Is (-1 - 0)*(-22818050)/50 a composite number?
True
Let t(a) = -179*a - 54. Let f be t(-21). Let r = f + -2554. Is r a prime number?
True
Suppose 9*l = 94926 + 8277. Is l composite?
False
Let d(z) = -z**3 + 4*z**2 + z - 3968. Let y(p) = p**3 - 3*p**2 - p + 3969. Let b(f) = 4*d(f) + 5*y(f). Is b(0) a prime number?
False
Let g be 5*(27/21 - (-6)/(-21)). Suppose -g*m + 0*m = -4*q + 11718, q = -5*m + 2917. Is q a composite number?
False
Let b(w) be the second derivative of 67*w**5/60 - 25*w**4/24 - 7*w**3/3 + 26*w. Let p(n) be the second derivative of b(n). Is p(7) a prime number?
False
Let q(y) = y**2 - 4*y - 44. Let o be q(-7). Let g(m) = m**3 - 29*m**2 - 33*m - 2. Is g(o) a composite number?
True
Let u(s) = 47*s**2 + 10*s + 22. Let l be u(-5). Suppose -2*v + 8 = 0, -v = 5*d + 28 - l. Suppose 2*n = 3*n - d. Is n a prime number?
True
Let s(j) = j**3 - j**2 - 1. Let l be s(4). Suppose 2*p = t + 18, 0 = 5*p - 5*t - 3 - l. Suppose -10*b = -p*b - 254. Is b a composite number?
False
Let m = -787 + 785. Is (-2)/(-4)*m - 135912/(-14) composite?
True
Let h = 13093 - 9323. Let s(f) = 2*f**2 + 7*f - 4968. Let x be s(-53). Let u = h - x. Is u prime?
True
Suppose -13107871 = -165*j + 10096923 + 416441. Is j a composite number?
False
Let z be (16/10)/(4/(-1770)). Let h = z - -1091. Suppose -5*k + 672 = -h. Is k a prime number?
True
Let p(c) = 2816*c**3 - 7*c**2 + 5*c + 1. Let d = 255 + -254. Is p(d) a prime number?
False
Let s(a) be the second derivative of a**4/2 + 5*a**3/6 - 11*a**2/2 + 22*a. Let l be s(7). Suppose 989 = k + l. Is k a prime number?
False
Let p(i) = 136*i**2 - 6*i - 283. Is p(-18) a composite number?
False
Suppose q + 24 = 4*q. Let k be (2*(-398)/(-4))/(2/q). Suppose 4*z + 216 = k. Is z composite?
True
Suppose -4*j = -u - 32829, 3*u + 4970 = -4*j + 37795. Is j a composite number?
True
Let a = 524 + -792. Let j = 566 + a. Is j prime?
False
Let q(g) = g**3 + 18*g**2 - 40*g + 25. Let z be q(-20). Suppose -30*r = -z*r - 20. Suppose y + 0*j - 565 = -r*j, -3*y + 1695 = j. Is y composite?
True
Let q(c) = -2253*c**3 - 2*c**2 - 28*c - 26. Is q(-5) prime?
False
Let d = 7554 + 1339. Suppose 4*c - d = 59767. Is c composite?
True
Let c be -3*(-1)/9*3. Is -4*(c - (3 - 44/(-16))) prime?
True
Let w = -27440 + 39726. Is w composite?
True
Suppose 558*k - 554*k - 46939 = -3*q, 2*k + 2*q = 23472. Is k prime?
True
Let y be (84 + -84)/(3/1). Suppose y = 2*o + 5*h - 6441, 9671 = 3*o - 22*h + 20*h. Is o a prime number?
False
Let n = 14 - 16. Let b be (5/(-2))/(n/(-18116)). Is b/(-5) + 2 + -2 a composite number?
True
Let b = -7848 + 14742. Suppose -5*l + 0*l = 2*n - b, 5*n - 2*l - 17293 = 0. Is n prime?
True
Suppose 3*s + 7 = 22. Suppose 0*r + 2*r - 2 = -s*a, 4*a = -r + 1. Is (-2 + a)*(-3932)/8 prime?
True
Suppose 4*z - 194468 - 173192 = 0. Is z/15 - 8/12 composite?
True
Suppose -3*z - 67 + 79 = 0. Suppose z*f = 19 + 1. Is (f/(-5))/1 + 2958 a prime number?
True
Suppose 355028 = 7*x - 1540803. Is x prime?
True
Let j = -15 - -1. Let d(l) be the first derivative of -l**4/4 - 11*l**3/3 - 7*l**2/2 + 3*l + 680. Is d(j) prime?
False
Suppose 0*d + 2*t = 4*d - 4, 3*d = 4*t + 3. Is 1/(d/(-897)*-3) prime?
False
Let q(a) = -10*a + 2. Let h be ((-4)/(-18) - (-154)/(-126))*-2. Let g be q(h). Is (-4)/(-18) - 4550/g a composite number?
True
Let o(h) = -74*h**3 + 4*h**2 - 5*h - 16. Let g(m) = m**2 - 1. Let s(d) = -6*g(d) + o(d). Is s(-3) a prime number?
False
Suppose -4*q + 759 = 2